e prime factors of 1665085096?
2, 6779, 30703
List the prime factors of 53702397.
3, 7, 197, 4327
What are the prime factors of 261326493?
3, 1151, 2803
List the prime factors of 3293674691.
109, 30217199
List the prime factors of 175152954.
2, 3, 79, 163, 2267
What are the prime factors of 10306066?
2, 47, 109639
List the prime factors of 107872747.
19, 67, 101, 839
What are the prime factors of 2959983354?
2, 3, 31, 443, 35923
List the prime factors of 1031770993.
11, 8527033
What are the prime factors of 724760549?
431, 1681579
List the prime factors of 1129566779.
11, 3793, 27073
List the prime factors of 299299802.
2, 59, 547, 4637
What are the prime factors of 93597107?
93597107
List the prime factors of 1074393011.
1074393011
List the prime factors of 358881168.
2, 3, 7476691
List the prime factors of 1418508095.
5, 23, 107, 115279
List the prime factors of 31076413.
31076413
List the prime factors of 91146593.
91146593
List the prime factors of 920720595.
3, 5, 17, 3610669
List the prime factors of 663144208.
2, 41446513
List the prime factors of 4201184576.
2, 359, 182851
List the prime factors of 200447510.
2, 5, 17, 43, 1613
What are the prime factors of 3873108124?
2, 19, 449, 113501
List the prime factors of 21708070.
2, 5, 19, 61, 1873
What are the prime factors of 87876035?
5, 13, 449, 3011
What are the prime factors of 243210200?
2, 5, 283, 4297
What are the prime factors of 16182363?
3, 23, 234527
List the prime factors of 7391812789.
17, 43, 967, 10457
List the prime factors of 4555567429.
7, 137, 1499, 3169
What are the prime factors of 3892972879?
43, 7057, 12829
What are the prime factors of 603384216?
2, 3, 19, 269, 4919
List the prime factors of 89556708.
2, 3, 7463059
What are the prime factors of 279377229?
3, 433, 449, 479
What are the prime factors of 639089123?
37, 1093, 15803
What are the prime factors of 92289053?
101, 913753
List the prime factors of 1114229584.
2, 13, 5356873
What are the prime factors of 1544562673?
1544562673
List the prime factors of 1493610989.
13, 114893153
What are the prime factors of 145961220?
2, 3, 5, 23, 105769
What are the prime factors of 79126320?
2, 3, 5, 7, 13, 3623
What are the prime factors of 43814158?
2, 41, 349, 1531
List the prime factors of 621489308.
2, 11, 2861, 4937
What are the prime factors of 20086538?
2, 10043269
What are the prime factors of 3014084785?
5, 17, 43, 824647
What are the prime factors of 68147735?
5, 23, 592589
List the prime factors of 29483141.
41, 719101
What are the prime factors of 4074686316?
2, 3, 373, 101149
What are the prime factors of 648103376?
2, 17, 19, 125407
List the prime factors of 76666250.
2, 5, 61333
What are the prime factors of 311469684?
2, 3, 73, 355559
What are the prime factors of 404219256?
2, 3, 7, 2406067
What are the prime factors of 541301927?
541301927
What are the prime factors of 35231996?
2, 31, 284129
What are the prime factors of 109146950?
2, 5, 11, 191, 1039
What are the prime factors of 26412565?
5, 19, 14633
List the prime factors of 682693149.
3, 227564383
List the prime factors of 1764332223.
3, 588110741
What are the prime factors of 13068653?
13, 761, 1321
List the prime factors of 378828183.
3, 281, 449381
What are the prime factors of 3145276?
2, 786319
List the prime factors of 151332635.
5, 30266527
List the prime factors of 172335329.
172335329
List the prime factors of 133347589.
347, 384287
What are the prime factors of 156732028?
2, 23, 47, 67, 541
What are the prime factors of 12340837?
47, 139, 1889
List the prime factors of 48427560.
2, 3, 5, 17, 41, 193
What are the prime factors of 24289547?
24289547
What are the prime factors of 22715846?
2, 1499, 7577
List the prime factors of 74049990.
2, 3, 5, 7, 352619
List the prime factors of 355550794.
2, 177775397
What are the prime factors of 207285306?
2, 3, 34547551
List the prime factors of 52286958.
2, 3, 23, 14033
What are the prime factors of 124822671?
3, 41607557
What are the prime factors of 753193653?
3, 17, 53, 278651
What are the prime factors of 979046908?
2, 7, 349, 100189
List the prime factors of 45406633.
45406633
What are the prime factors of 1105713989?
1105713989
What are the prime factors of 7215558857?
13, 555042989
List the prime factors of 583467224.
2, 72933403
List the prime factors of 1034495354.
2, 41, 1301, 9697
What are the prime factors of 137220016?
2, 2837, 3023
List the prime factors of 67743997.
17, 3984941
What are the prime factors of 43788044?
2, 23, 475957
List the prime factors of 1128394091.
11, 17, 421, 1303
What are the prime factors of 250988911?
250988911
List the prime factors of 132942494.
2, 191, 348017
What are the prime factors of 57187414?
2, 1777, 16091
What are the prime factors of 293899095?
3, 5, 7, 73, 12781
List the prime factors of 404990156.
2, 1187, 85297
What are the prime factors of 411769848?
2, 3, 7, 2451011
What are the prime factors of 725720439?
3, 241906813
List the prime factors of 1633986754.
2, 67, 12193931
What are the prime factors of 32135455?
5, 11, 584281
List the prime factors of 125370633.
3, 139, 300649
List the prime factors of 10071175.
5, 402847
What are the prime factors of 2020841402?
2, 1010420701
List the prime factors of 1402170327.
3, 211, 738373
What are the prime factors of 19850596?
2, 4962649
List the prime factors of 132598858.
2, 7, 9471347
What are the prime factors of 169865446?
2, 37, 2295479
List the prime factors of 988847775.
3, 5, 4394879
What are the prime factors of 1009232179?
41, 24615419
List the prime factors of 55767698.
2, 7, 19, 31, 6763
List the prime factors of 155810126.
2, 77905063
List the prime factors of 187863350.
2, 5, 3757267
What are the prime factors of 10177697?
10177697
What are the prime factors of 69528634?
2, 7, 139, 35729
What are the prime factors of 5301114399?
3, 7, 19, 283, 15649
List the prime factors of 2239597500.
2, 3, 5, 7, 29, 1471
What are the prime factors of 202881744?
2, 3, 13, 108377
What are the prime factors of 2425859607?
3, 25121, 32189
List the prime factors of 27802964.
2, 7, 992963
List the prime factors of 109776015.
3, 5, 19, 128393
What are the prime factors of 471334071?
3, 13, 29, 32057
List the prime factors of 171694711.
367, 467833
List the prime factors of 1763473.
43, 41011
What are the prime factors of 91826942?
2, 45913471
What are the prime factors of 300039743?
300039743
List the prime factors of 23892577.
23892577
What are the prime factors of 19292451?
3, 1657, 3881
What are the prime factors of 3823355?
5, 67, 101, 113
List the prime factors of 2570995590.
2, 3, 5, 859, 99767
List the prime factors of 2766748052.
2, 691687013
What are the prime factors of 18489066?
2, 3, 29, 59, 1801
List the prime factors of 4445046.
2, 3, 246947
What are the prime factors of 49432942?
2, 13, 1901267
List the prime factors of 70531511.
107, 659173
List the prime factors of 120007083.
3, 7, 79, 72337
What are the prime factors of 3133867?
11, 284897
List the prime factors of 237946475.
5, 13, 83, 8821
List the prime factors of 146843885.
5, 29368777
List the prime factors of 147161834.
2, 29, 337, 7529
List the prime factors of 10920081.
3, 3640027
What are the prime factors of 153700614?
2, 3, 19, 449417
List the prime factors of 43663727.
83, 526069
What are the prime factors of 380140467?
3, 7, 19, 101, 9433
List the prime factors of 1214231037.
3, 404743679
What are the prime factors of 19281791?
17, 137, 487
List the prime factors of 823553994.
2, 3, 137258999
What are the prime factors of 581489560?
2, 5, 641, 22679
List the prime factors of 472011969.
3, 11, 13, 1100261
List the prime factors of 205504465.
5, 41100893
What are the prime factors of 2056466774?
2, 1433, 717539
What are the prime factors of 172537538?
2, 86268769
What are the prime factors of 107585014?
2, 2731, 19697
List the prime factors of 1173979639.
7, 23, 83, 87853
What are the prime factors of 6030882?
2, 3, 11, 13, 71
List the prime factors of 397596940.
2, 5, 13, 167, 9157
What are the prime factors of 6328560531?
3, 4127, 511151
List the prime factors of 295699104.
2, 3, 1026733
List the prime factors of 5159149.
5159149
List the prime factors of 1163027404.
2, 7, 11, 367, 10289
What are the prime factors of 184478155